-3*h = -12*h + 6822. What are the prime factors of h?
2, 379
Let x = 135 - 124. Suppose 0 = -x*h + 6*h + 120. What are the prime factors of h?
2, 3
Suppose 7*b = b - 2190. Let h = -189 - b. List the prime factors of h.
2, 11
Suppose 0 = -3*w - 5*l + 2288 + 107, -3*l = w - 797. What are the prime factors of w?
2, 5
What are the prime factors of (9 - 36)*(-350)/6?
3, 5, 7
Let m be (-1)/4 + (-62)/8. Suppose a = -3*s + 19, -5*s = -2*a - 1 + 17. Let q = m + a. What are the prime factors of q?
5
Let b(r) = 6*r - 18. Let p be b(-3). Let x = 78 + p. What are the prime factors of x?
2, 3, 7
Let x(d) be the third derivative of -d**6/120 + 2*d**5/15 + d**4/24 - 7*d**3/6 + 4*d**2. Let m be x(8). Let z = 8 + m. What are the prime factors of z?
3
Let l be 3 - -3 - (-1 + -4 + 3). What are the prime factors of l*((-175)/(-10) - 1)?
2, 3, 11
Let a(o) be the second derivative of 5*o**4/12 + o**3/6 - 3*o**2 - 13*o. What are the prime factors of a(4)?
2, 3, 13
Let u be (-2)/3 - (-1156)/(-12). Let h = -22 - u. List the prime factors of h.
3, 5
Let o = 1687 - 516. List the prime factors of o.
1171
Let w(k) = 8*k**2 - 18*k - 53. List the prime factors of w(-5).
3, 79
Suppose -4*w + 0*w + 580 = 0. Suppose -g = 4*g - w. What are the prime factors of g?
29
Suppose 0 = -4*l + 763 + 2245. What are the prime factors of l?
2, 47
Suppose 5*v + 3*u = 2*v + 57, 5*v - 122 = 4*u. Let q = v + 22. List the prime factors of q.
2, 11
Suppose -12 = -3*x - 0*x. Suppose -4*r = 3*z - 28, -z + x*z - 2*r - 4 = 0. List the prime factors of z.
2
Let l(b) = -5*b**3 + 15*b**2 + 21*b + 8. Let m(g) = -6*g**3 + 16*g**2 + 21*g + 9. Let c(x) = -7*l(x) + 6*m(x). What are the prime factors of c(-9)?
11, 17
Suppose -q = 3 - 7, 3*x - 2*q + 14 = 0. List the prime factors of (4*13/x)/(-2).
13
Let k(p) = -59*p + 6. Let l(d) = -117*d + 13. Let n(f) = -5*k(f) + 2*l(f). List the prime factors of n(1).
3, 19
Let c(b) = 2*b**2 - 26*b + 17. List the prime factors of c(-8).
353
Let g(j) = -j**3 - 11*j**2 + 11*j - 10. Let q be g(-12). Suppose -l = -2*v + 26, v = -l - 4*v + q. What are the prime factors of 184/18 - (-4)/l?
2, 5
Let r(u) be the first derivative of 4*u**2 + 22*u + 9. List the prime factors of r(5).
2, 31
Let o(v) = -v**3 + 3*v**2 - v + 7. Let u be o(3). Let q(c) be the third derivative of c**5/30 - c**4/8 + 3*c**3/2 - c**2. List the prime factors of q(u).
29
Suppose p = -2*p + 12. Suppose -21 = -3*j + m - 0*m, -2*j = -p*m - 24. What are the prime factors of j?
2, 3
Let p(i) = -48*i + 437. What are the prime factors of p(-17)?
7, 179
Let x = 18 - 17. Let v be 69 - (4 + -1 - x). Let m = -39 + v. What are the prime factors of m?
2, 7
Let w(y) = -y + 75 + y + 3*y - 5*y. What are the prime factors of w(0)?
3, 5
Let a(c) = -48*c + 26. What are the prime factors of a(-5)?
2, 7, 19
Suppose -6*f + 592 = -800. List the prime factors of f.
2, 29
Let y(b) = b**3 + 12*b**2 - 17*b - 18. Suppose 0*m - 78 = 6*m. List the prime factors of y(m).
2, 17
Let f be 30/(-4)*6/(-9). Suppose f*b + 4*d - 9 = 0, -b - 4*d - 31 = -4*b. Suppose -k + 3*k = 2*u + 16, -b*k + u = -40. What are the prime factors of k?
2
Suppose 0 = -3*h - 7 - 5. Let j be 8*(3 + (-2)/h). Suppose -j = -y + 19. What are the prime factors of y?
47
Let j = -73 + 34. Let u = j + 65. What are the prime factors of u?
2, 13
Let m(l) = -l**3 + 11*l**2 + 10*l + 30. What are the prime factors of m(10)?
2, 5, 23
What are the prime factors of 17169/6 + (-1)/2?
2861
Let h = 5 + -16. Let t(y) = -y + 4. List the prime factors of t(h).
3, 5
Let v(y) = y**2 + 431. What are the prime factors of v(0)?
431
Let l(s) = -s**3 + 11*s**2 - s - 14. Let t(u) = u**3 - 10*u**2 + u + 13. Let q(w) = -3*l(w) - 2*t(w). What are the prime factors of q(13)?
29
Suppose -m - 3*q = 1 + 1, 2*m - q - 31 = 0. Suppose -w + m = -9. Suppose 5*l - w = -3*n, 0 = 3*l + 3*n - 20 + 2. What are the prime factors of l?
2
Let o(z) be the first derivative of 7*z**4/12 - z**3/6 - 2*z**2 + 6*z - 1. Let j(u) be the first derivative of o(u). What are the prime factors of j(2)?
2, 11
Let x be (1092/(-10))/(-3 + (-56)/(-20)). Suppose 9*o - 417 = x. What are the prime factors of o?
107
Let m(y) = 22*y**2 + 8*y - 9. What are the prime factors of m(-7)?
1013
Let q(y) = -y + 7. Let i be q(2). Suppose -5*f = -4*m - 158, -i*m = -3*f + 2*f + 208. Let h = m + 84. What are the prime factors of h?
2, 3, 7
Suppose 101 = -4*s + 297. Let z = 103 - s. What are the prime factors of z?
2, 3
Let z = 286 + -92. What are the prime factors of z?
2, 97
Let x(j) = -8*j**2 - j + 9. Let t(c) = 24*c**2 + 4*c - 26. Let w(u) = -3*t(u) - 10*x(u). List the prime factors of w(4).
2, 3
Let r(a) = -a**2 + a + 6. Let p be r(5). Let i = p + -9. Let d = i - -32. What are the prime factors of d?
3
Let g(r) = -r + 1. Let n be g(1). Let s be 2/10 + 247/65. Suppose n*x + 164 = s*x. What are the prime factors of x?
41
Let i(t) = 2*t + 217. What are the prime factors of i(37)?
3, 97
Suppose 5 = -m, -2*d - 4*m - 8 = -2*m. Let q(j) = 0 + d - j**2 + 12*j + 7*j - 7*j. List the prime factors of q(8).
3, 11
Let d = 3323 + -1606. What are the prime factors of d?
17, 101
Let r be (-2138)/(-14) + (-6)/(-21). Suppose -18*h + r = -17*h. List the prime factors of h.
3, 17
Suppose 15*f + 44*f = 87320. List the prime factors of f.
2, 5, 37
Let q be 39 - (0 - -1)/(11/44). Suppose 2*l - 127 = -q. What are the prime factors of l?
2, 23
Let l = -314 - -1016. What are the prime factors of l?
2, 3, 13
Suppose 6*a - 54 = 3*a. Suppose 0*j = -3*j + a. What are the prime factors of (-2)/j + (-516)/(-9)?
3, 19
Suppose 2*d - 94 = 142. What are the prime factors of d?
2, 59
Let j be -2 + 0 - (-5 - 6). Suppose 0 = -5*b + 3*m - 13 - 18, 3*b - 5*m = -j. List the prime factors of (-371)/(-28) - 6/b.
2, 7
Let d(u) = 3*u**3 + u**2 - 1. Let w be d(2). What are the prime factors of 15 + w + (1 + 1 - 1)?
43
Let a(m) = 4*m**2 + 12*m - 15. Let v(c) = -5*c**2 - 13*c + 16. Let i(g) = -4*a(g) - 3*v(g). Let x be (18/4)/((-1)/2). List the prime factors of i(x).
2, 3
Let j(t) = -t**2 - 3*t. Let i be j(-3). Let w(b) = 10*b - 7 + 0 - 2*b + i. List the prime factors of w(3).
17
Let v(p) = -p**3 + 8*p**2 + p + 11. Suppose -3*t = -0*t - 15. Suppose 4*q = -t*z + 28, 3*z - q = q + 30. List the prime factors of v(z).
19
Suppose 0 = 2*z + 5*k - 208 - 594, z + 2*k = 401. What are the prime factors of z?
401
Let f = 12 - 7. Suppose f*y = -6*y + 693. List the prime factors of y.
3, 7
What are the prime factors of 1/(4*5/53260)?
2663
Suppose 5*u + 15 = 0, 571 - 54 = 2*l - u. What are the prime factors of l?
257
Suppose -33715 - 46677 = -26*r. List the prime factors of r.
2, 773
Let v(w) = 514*w**3 + 19*w**2 - 22*w + 3. List the prime factors of v(1).
2, 257
Suppose 0 = 4*r - 448 - 852. What are the prime factors of r?
5, 13
Let m(p) be the second derivative of -p**4/12 + 5*p**3/6 + p**2 + 4*p. Let v be m(5). What are the prime factors of v*(156/8 - 1)?
37
Suppose -6*k + 789 + 627 = 0. List the prime factors of k.
2, 59
Let v = -3 + -3. Let p(w) = 0*w**2 + 8*w**2 - 354*w - 11 + 353*w + w**3. What are the prime factors of p(v)?
67
What are the prime factors of ((-5)/(-5))/((-3)/(-642))?
2, 107
Suppose 4*s - 9 = -5*k + 29, -4*k + 30 = 3*s. Suppose 5*b + 15 = 5*v, 3*v - 4*b = k + 1. What are the prime factors of v?
5
List the prime factors of 66/4*(-2720)/(-120).
2, 11, 17
Let f(w) = 17*w - 16. Let v(q) = 52*q - 48. Let s(b) = 14*f(b) - 5*v(b). What are the prime factors of s(-7)?
2, 5, 17
Suppose -13*m + 20 = -9*m. Suppose -374 = -m*j + 166. List the prime factors of j.
2, 3
List the prime factors of (13 - 19)/(2/(-141)).
3, 47
Let m(d) = -d**3 - d**2 + 17*d + 3. What are the prime factors of m(-7)?
2, 89
List the prime factors of 92/23 - (-61)/1.
5, 13
Let r(b) = -b**3 - 33*b**2 + 33*b + 121. List the prime factors of r(-34).
5, 31
Suppose -68*g + 1151 = f - 63*g, 5839 = 5*f - 3*g. What are the prime factors of f?
2, 11, 53
Let x = 3 + 0. Let h be 266/6 + 2/x. Suppose 0 = -3*d + h + 36. List the prime factors of d.
3
Let w = 58 - 59. Let p = 10 - 3. What are the prime factors of 4 - p - 29/w?
2, 13
Let w be 1 - -2*26/4. Let l = w - 11. Suppose -4*u - 5*i + i = 4, -9 = l*i. List the prime factors of u.
2
Let w = 666 - 312. List the prime factors of w.
2, 3, 59
Let m(z) = 3*z**2 + 11*z - 224. What are th